{"id":36388,"date":"2024-12-16T11:54:00","date_gmt":"2024-12-16T10:54:00","guid":{"rendered":"https:\/\/pratsch.at\/?post_type=termin&#038;p=36388"},"modified":"2026-03-07T11:56:54","modified_gmt":"2026-03-07T10:56:54","slug":"wine-tour-weinviertel","status":"publish","type":"termin","link":"https:\/\/pratsch.at\/en\/termin\/weintour-weinviertel\/","title":{"rendered":"Weintour Weinviertel 2026"},"content":{"rendered":"\n<p>Weintour im Weinviertel, Hohenruppersdorf<\/p>\n\n\n\n<p>Am <strong>11. und 12. April<\/strong> ist es endlich wieder Zeit f\u00fcr das gelbe Band! Von <strong>10:00 bis 19:00 Uhr<\/strong> \u00f6ffnen wir unsere Tore in Hohenruppersdorf und laden euch ein, das Weinviertel mit allen Sinnen zu genie\u00dfen.<\/p>\n\n\n\n<p><strong>Was euch in der Vi[no]trine erwartet:<\/strong><\/p>\n\n\n\n<ul class=\"wp-block-list\">\n<li><strong>Der neue Jahrgang:<\/strong> Verkostet unsere frischen Weine und entdeckt euren neuen Favoriten.<\/li>\n\n\n\n<li><strong>Regionale Schmankerl:<\/strong> Wir servieren euch ausgew\u00e4hlte Spezialit\u00e4ten direkt vor Ort \u2013 perfekt zum Wein und zum Mitnehmen f\u00fcr zu Hause.<\/li>\n\n\n\n<li><strong>Naturkaffee-Special:<\/strong> Am Sonntagvormittag verw\u00f6hnen wir euch zus\u00e4tzlich mit aromatischem \u201eNATURKAFFEE\u201c.<\/li>\n\n\n\n<li><strong>Design trifft Handwerk:<\/strong> Bewundert die exklusiven Echtholz-M\u00f6bel der Ausstellung <strong>Stammdesign aus Salzburg<\/strong>.<\/li>\n<\/ul>\n\n\n\n<p><strong>Blick hinter die Kulissen:<\/strong> Wollt ihr wissen, wo unser Wein reift? Wir laden euch herzlich zu unseren <strong>Kellerf\u00fchrungen<\/strong> ein:<\/p>\n\n\n\n<ul class=\"wp-block-list\">\n<li>Samstag &amp; Sonntag jeweils <strong>p\u00fcnktlich um 11:00 Uhr<\/strong>.<\/li>\n<\/ul>\n\n\n\n<p><strong>Das Weintour-Band:<\/strong> Eure Eintrittskarte zu rund 250 Weing\u00fctern!<\/p>\n\n\n\n<ul class=\"wp-block-list\">\n<li><strong><a href=\"https:\/\/www.eventim-light.com\/at\/a\/6384cfdf5d7c1623c8bb8cc9\/e\/6915a8a6aac8b93d87c13832\">Vorverkauf<\/a>:<\/strong> \u20ac 30,\u2013 (inkl. \u20ac 15,\u2013 Wein-Gutschein)<\/li>\n\n\n\n<li><strong>Tageskasse:<\/strong> \u20ac 35,\u2013 (inkl. \u20ac 15,\u2013 Wein-Gutschein)<\/li>\n<\/ul>\n\n\n\n<p>Kommt vorbei, genie\u00dft das pfeffrige Lebensgef\u00fchl des Weinviertels und lasst euch von uns verw\u00f6hnen. <br>Mein Team und ich freuen uns auf euch!<\/p>\n\n\n<style>.wp-block-kadence-advancedgallery .kb-gallery-type-masonry.kb-gallery-id-36388_0c9380-88{margin:-5px;}.kb-gallery-type-masonry.kb-gallery-id-36388_0c9380-88 .kadence-blocks-gallery-item{padding:5px;}.kb-gallery-id-36388_0c9380-88 .kadence-blocks-gallery-item .kb-gal-image-radius, .kb-gallery-id-36388_0c9380-88 .kb-slide-item .kb-gal-image-radius img{border-radius:0px 0px 0px 0px;;}<\/style><div class=\"kb-gallery-wrap-id-36388_0c9380-88 alignnone wp-block-kadence-advancedgallery\"><ul class=\"kb-gallery-ul kb-gallery-non-static kb-gallery-type-masonry kb-masonry-init kb-gallery-id-36388_0c9380-88 kb-gallery-caption-style-bottom-hover kb-gallery-filter-none kb-gallery-magnific-init\" data-image-filter=\"none\" data-item-selector=\".kadence-blocks-gallery-item\" data-lightbox-caption=\"true\" data-columns-xxl=\"1\" data-columns-xl=\"1\" data-columns-md=\"1\" data-columns-sm=\"1\" data-columns-xs=\"1\" data-columns-ss=\"1\"><li class=\"kadence-blocks-gallery-item\"><div class=\"kadence-blocks-gallery-item-inner\"><figure class=\"kb-gallery-figure kb-gallery-item-has-link kadence-blocks-gallery-item-hide-caption\"><a href=\"https:\/\/pratsch.at\/wp-content\/uploads\/Weintour-Stefan-Pratsch-1.jpg\" class=\"kb-gallery-item-link\"   role=\"button\" aria-haspopup=\"dialog\"><div class=\"kb-gal-image-radius\" style=\"max-width:1024px;\"><div class=\"kb-gallery-image-contain kadence-blocks-gallery-intrinsic\" style=\"padding-bottom:141%;\"><img loading=\"lazy\" decoding=\"async\" src=\"https:\/\/pratsch.at\/wp-content\/uploads\/Weintour-Stefan-Pratsch-1-1024x1448.jpg\" width=\"1024\" height=\"1448\" alt=\"\" data-full-image=\"https:\/\/pratsch.at\/wp-content\/uploads\/Weintour-Stefan-Pratsch-1.jpg\" data-light-image=\"https:\/\/pratsch.at\/wp-content\/uploads\/Weintour-Stefan-Pratsch-1.jpg\" data-id=\"37700\" class=\"wp-image-37700\" srcset=\"https:\/\/pratsch.at\/wp-content\/uploads\/Weintour-Stefan-Pratsch-1-1024x1448.jpg 1024w, https:\/\/pratsch.at\/wp-content\/uploads\/Weintour-Stefan-Pratsch-1-480x679.jpg 480w, https:\/\/pratsch.at\/wp-content\/uploads\/Weintour-Stefan-Pratsch-1-768x1086.jpg 768w, https:\/\/pratsch.at\/wp-content\/uploads\/Weintour-Stefan-Pratsch-1-1086x1536.jpg 1086w, https:\/\/pratsch.at\/wp-content\/uploads\/Weintour-Stefan-Pratsch-1-8x12.jpg 8w, https:\/\/pratsch.at\/wp-content\/uploads\/Weintour-Stefan-Pratsch-1-60x85.jpg 60w, https:\/\/pratsch.at\/wp-content\/uploads\/Weintour-Stefan-Pratsch-1-320x453.jpg 320w, https:\/\/pratsch.at\/wp-content\/uploads\/Weintour-Stefan-Pratsch-1-300x424.jpg 300w, https:\/\/pratsch.at\/wp-content\/uploads\/Weintour-Stefan-Pratsch-1-600x849.jpg 600w, https:\/\/pratsch.at\/wp-content\/uploads\/Weintour-Stefan-Pratsch-1.jpg 1241w\" sizes=\"auto, (max-width: 1024px) 100vw, 1024px\" \/><\/div><\/div><\/a><\/figure><\/div><\/li><\/ul><\/div>","protected":false},"excerpt":{"rendered":"<p>Weintour im Weinviertel, Hohenruppersdorf Am 11. und 12. April ist es endlich wieder Zeit f\u00fcr das gelbe Band! Von 10:00 bis 19:00 Uhr \u00f6ffnen wir unsere Tore in Hohenruppersdorf und laden euch ein, das Weinviertel mit allen Sinnen zu genie\u00dfen. Was euch in der Vi[no]trine erwartet: Blick hinter die Kulissen: Wollt ihr wissen, wo unser &#8230; <a title=\"Weintour Weinviertel 2026\" class=\"read-more\" href=\"https:\/\/pratsch.at\/en\/termin\/weintour-weinviertel\/\" aria-label=\"Read more about Weintour Weinviertel 2026\">Read more<\/a><\/p>\n","protected":false},"featured_media":37701,"template":"","meta":{"_acf_changed":false,"inline_featured_image":false},"class_list":["post-36388","termin","type-termin","status-publish","has-post-thumbnail","hentry"],"acf":[],"_links":{"self":[{"href":"https:\/\/pratsch.at\/en\/wp-json\/wp\/v2\/termin\/36388","targetHints":{"allow":["GET"]}}],"collection":[{"href":"https:\/\/pratsch.at\/en\/wp-json\/wp\/v2\/termin"}],"about":[{"href":"https:\/\/pratsch.at\/en\/wp-json\/wp\/v2\/types\/termin"}],"wp:featuredmedia":[{"embeddable":true,"href":"https:\/\/pratsch.at\/en\/wp-json\/wp\/v2\/media\/37701"}],"wp:attachment":[{"href":"https:\/\/pratsch.at\/en\/wp-json\/wp\/v2\/media?parent=36388"}],"curies":[{"name":"wp","href":"https:\/\/api.w.org\/{rel}","templated":true}]}}

<p>Weintour im Weinviertel, Hohenruppersdorf</p>



<p>Am <strong>11. und 12. April</strong> ist es endlich wieder Zeit für das gelbe Band! Von <strong>10:00 bis 19:00 Uhr</strong> öffnen wir unsere Tore in Hohenruppersdorf und laden euch ein, das Weinviertel mit allen Sinnen zu genießen.</p>



<p><strong>Was euch in der Vi[no]trine erwartet:</strong></p>



<ul class="wp-block-list">
<li><strong>Der neue Jahrgang:</strong> Verkostet unsere frischen Weine und entdeckt euren neuen Favoriten.</li>



<li><strong>Regionale Schmankerl:</strong> Wir servieren euch ausgewählte Spezialitäten direkt vor Ort – perfekt zum Wein und zum Mitnehmen für zu Hause.</li>



<li><strong>Naturkaffee-Special:</strong> Am Sonntagvormittag verwöhnen wir euch zusätzlich mit aromatischem „NATURKAFFEE“.</li>



<li><strong>Design trifft Handwerk:</strong> Bewundert die exklusiven Echtholz-Möbel der Ausstellung <strong>Stammdesign aus Salzburg</strong>.</li>
</ul>



<p><strong>Blick hinter die Kulissen:</strong> Wollt ihr wissen, wo unser Wein reift? Wir laden euch herzlich zu unseren <strong>Kellerführungen</strong> ein:</p>



<ul class="wp-block-list">
<li>Samstag &amp; Sonntag jeweils <strong>pünktlich um 11:00 Uhr</strong>.</li>
</ul>



<p><strong>Das Weintour-Band:</strong> Eure Eintrittskarte zu rund 250 Weingütern!</p>



<ul class="wp-block-list">
<li><strong><a href="https://www.eventim-light.com/at/a/6384cfdf5d7c1623c8bb8cc9/e/6915a8a6aac8b93d87c13832">Vorverkauf</a>:</strong> € 30,– (inkl. € 15,– Wein-Gutschein)</li>



<li><strong>Tageskasse:</strong> € 35,– (inkl. € 15,– Wein-Gutschein)</li>
</ul>



<p>Kommt vorbei, genießt das pfeffrige Lebensgefühl des Weinviertels und lasst euch von uns verwöhnen. <br>Mein Team und ich freuen uns auf euch!</p>


<style>.wp-block-kadence-advancedgallery .kb-gallery-type-masonry.kb-gallery-id-36388_0c9380-88{margin:-5px;}.kb-gallery-type-masonry.kb-gallery-id-36388_0c9380-88 .kadence-blocks-gallery-item{padding:5px;}.kb-gallery-id-36388_0c9380-88 .kadence-blocks-gallery-item .kb-gal-image-radius, .kb-gallery-id-36388_0c9380-88 .kb-slide-item .kb-gal-image-radius img{border-radius:0px 0px 0px 0px;;}</style><div class="kb-gallery-wrap-id-36388_0c9380-88 alignnone wp-block-kadence-advancedgallery"><ul class="kb-gallery-ul kb-gallery-non-static kb-gallery-type-masonry kb-masonry-init kb-gallery-id-36388_0c9380-88 kb-gallery-caption-style-bottom-hover kb-gallery-filter-none kb-gallery-magnific-init" data-image-filter="none" data-item-selector=".kadence-blocks-gallery-item" data-lightbox-caption="true" data-columns-xxl="1" data-columns-xl="1" data-columns-md="1" data-columns-sm="1" data-columns-xs="1" data-columns-ss="1"><li class="kadence-blocks-gallery-item"><div class="kadence-blocks-gallery-item-inner"><figure class="kb-gallery-figure kb-gallery-item-has-link kadence-blocks-gallery-item-hide-caption"><a href="https://pratsch.at/wp-content/uploads/Weintour-Stefan-Pratsch-1.jpg" class="kb-gallery-item-link"   role="button" aria-haspopup="dialog"><div class="kb-gal-image-radius" style="max-width:1024px;"><div class="kb-gallery-image-contain kadence-blocks-gallery-intrinsic" style="padding-bottom:141%;"><img loading="lazy" decoding="async" src="https://pratsch.at/wp-content/uploads/Weintour-Stefan-Pratsch-1-1024x1448.jpg" width="1024" height="1448" alt="" data-full-image="https://pratsch.at/wp-content/uploads/Weintour-Stefan-Pratsch-1.jpg" data-light-image="https://pratsch.at/wp-content/uploads/Weintour-Stefan-Pratsch-1.jpg" data-id="37700" class="wp-image-37700" srcset="https://pratsch.at/wp-content/uploads/Weintour-Stefan-Pratsch-1-1024x1448.jpg 1024w, https://pratsch.at/wp-content/uploads/Weintour-Stefan-Pratsch-1-480x679.jpg 480w, https://pratsch.at/wp-content/uploads/Weintour-Stefan-Pratsch-1-768x1086.jpg 768w, https://pratsch.at/wp-content/uploads/Weintour-Stefan-Pratsch-1-1086x1536.jpg 1086w, https://pratsch.at/wp-content/uploads/Weintour-Stefan-Pratsch-1-8x12.jpg 8w, https://pratsch.at/wp-content/uploads/Weintour-Stefan-Pratsch-1-60x85.jpg 60w, https://pratsch.at/wp-content/uploads/Weintour-Stefan-Pratsch-1-320x453.jpg 320w, https://pratsch.at/wp-content/uploads/Weintour-Stefan-Pratsch-1-300x424.jpg 300w, https://pratsch.at/wp-content/uploads/Weintour-Stefan-Pratsch-1-600x849.jpg 600w, https://pratsch.at/wp-content/uploads/Weintour-Stefan-Pratsch-1.jpg 1241w" sizes="auto, (max-width: 1024px) 100vw, 1024px" /></div></div></a></figure></div></li></ul></div>

<p>Weintour im Weinviertel, Hohenruppersdorf Am 11. und 12. April ist es endlich wieder Zeit für das gelbe Band! Von 10:00 bis 19:00 Uhr öffnen wir unsere Tore in Hohenruppersdorf und laden euch ein, das Weinviertel mit allen Sinnen zu genießen. Was euch in der Vi[no]trine erwartet: Blick hinter die Kulissen: Wollt ihr wissen, wo unser &#8230; <a title="Weintour Weinviertel 2026" class="read-more" href="https://pratsch.at/en/termin/weintour-weinviertel/" aria-label="Read more about Weintour Weinviertel 2026">Read more</a></p>
